 of 348 and 153648.
12
What is the greatest common divisor of 80 and 1765?
5
What is the greatest common divisor of 87 and 20851?
29
What is the greatest common divisor of 55344 and 1704?
24
What is the greatest common divisor of 64 and 477872?
16
What is the greatest common factor of 39831 and 29733?
561
What is the greatest common factor of 55998 and 1998?
54
Calculate the highest common divisor of 12738 and 110.
22
Calculate the greatest common factor of 463970 and 26.
26
What is the highest common divisor of 95 and 141265?
95
Calculate the highest common divisor of 6880 and 1312.
32
Calculate the greatest common factor of 2708680 and 40.
40
What is the highest common factor of 1710 and 103284?
342
What is the greatest common divisor of 20985 and 3?
3
What is the greatest common factor of 1 and 40077?
1
Calculate the greatest common factor of 2249856 and 124.
124
Calculate the highest common divisor of 54776 and 1880.
8
What is the highest common factor of 23483 and 368?
23
What is the greatest common factor of 232 and 71896?
8
What is the highest common divisor of 240 and 593520?
240
Calculate the highest common divisor of 4432 and 132406.
554
What is the greatest common divisor of 800 and 1300?
100
What is the highest common factor of 9 and 19248?
3
Calculate the highest common divisor of 270436 and 1312.
164
Calculate the highest common factor of 523283 and 369.
41
What is the greatest common factor of 574 and 3059420?
574
Calculate the highest common factor of 885630 and 17490.
1590
Calculate the greatest common divisor of 4232352 and 128.
32
Calculate the highest common factor of 39080 and 4360.
40
Calculate the greatest common factor of 989 and 198007.
23
Calculate the greatest common divisor of 23288 and 24.
8
Calculate the highest common factor of 3171144 and 84.
12
Calculate the highest common factor of 22 and 64031.
11
Calculate the greatest common divisor of 3806 and 346.
346
What is the greatest common divisor of 364 and 124033?
91
What is the highest common factor of 1476813 and 5187?
741
What is the greatest common divisor of 3180 and 705?
15
What is the highest common factor of 5668 and 66708?
436
What is the highest common divisor of 24 and 2082?
6
What is the greatest common divisor of 407 and 137455?
37
Calculate the highest common divisor of 176111 and 247.
247
Calculate the highest common factor of 164080 and 580.
20
Calculate the greatest common factor of 138 and 8935086.
138
Calculate the greatest common divisor of 1317 and 290179.
439
Calculate the greatest common divisor of 96 and 83296.
32
Calculate the greatest common factor of 39 and 2957019.
39
Calculate the greatest common divisor of 64 and 86080.
64
Calculate the greatest common divisor of 806537 and 745.
149
What is the highest common factor of 13277 and 187?
187
Calculate the highest common factor of 297632 and 393.
131
What is the greatest common divisor of 16813 and 9503?
731
What is the highest common factor of 55743 and 1275?
51
What is the greatest common factor of 3036 and 713?
23
Calculate the highest common factor of 70 and 66794.
14
Calculate the highest common divisor of 271794 and 6402.
582
Calculate the highest common factor of 558 and 6662706.
186
What is the highest common divisor of 10384 and 3168?
176
What is the greatest common factor of 24 and 299860?
4
What is the greatest common factor of 137206 and 62?
62
What is the highest common factor of 225 and 574800?
75
Calculate the greatest common factor of 19 and 349201.
19
Calculate the highest common factor of 200747 and 6592.
103
What is the highest common divisor of 20170 and 260?
10
Calculate the greatest common factor of 1384 and 112623.
173
Calculate the highest common divisor of 26 and 324623.
13
What is the greatest common factor of 191 and 67?
1
What is the highest common divisor of 6534 and 240273?
297
What is the highest common divisor of 11505 and 6123?
39
Calculate the highest common factor of 242 and 262.
2
What is the greatest common divisor of 947683 and 19619?
853
What is the greatest common factor of 165 and 889735?
55
What is the greatest common divisor of 1160 and 594210?
290
What is the highest common divisor of 533 and 4511?
13
Calculate the highest common factor of 837 and 11619.
9
What is the greatest common factor of 8 and 67572?
4
What is the greatest common factor of 18 and 608346?
18
Calculate the highest common factor of 8 and 2342344.
8
What is the highest common divisor of 3563 and 497?
7
Calculate the greatest common divisor of 65 and 119340.
65
What is the highest common divisor of 616605 and 33?
33
What is the highest common divisor of 33 and 191433?
33
Calculate the greatest common divisor of 9435 and 2035.
185
Calculate the greatest common divisor of 2792 and 117962.
698
What is the highest common factor of 30515 and 2720?
85
Calculate the greatest common factor of 279 and 94395.
93
Calculate the greatest common divisor of 134 and 578545.
67
Calculate the highest common divisor of 108 and 3054996.
108
Calculate the greatest common factor of 1330 and 6510.
70
Calculate the highest common divisor of 2247 and 5457.
321
What is the greatest common divisor of 715 and 1001?
143
What is the highest common factor of 2484 and 60?
12
Calculate the greatest common factor of 180 and 4716.
36
Calculate the greatest common factor of 19 and 11533.
19
Calculate the highest common factor of 44750 and 54250.
250
What is the highest common factor of 141470 and 14?
14
What is the greatest common factor of 4856 and 40?
8
What is the highest common divisor of 182 and 701337?
91
What is the highest common divisor of 464 and 929624?
232
Calculate the highest common factor of 1632 and 174.
6
Calculate the highest common factor of 81204 and 34572.
804
Calculate the greatest common factor of 1144 and 1235234.
286
What is the greatest common factor of 4375 and 8000?
125
What is the highest common factor of 42055 and 65?
65
What is the highest common factor of 54 and 1096434?
18
What is the highest common factor of 2265449 and 31?
31
What is the greatest common factor of 17 and 229?
1
What is the greatest common factor of 4080 and 14586?
102
What is the greatest common factor of 200 and 308350?
50
Calculate the greatest common factor of 5270108 and 212.
212
What is the greatest common factor of 2478 and 1680?
42
Calculate the highest common divisor of 10540 and 340.
340
Calculate the highest common factor of 31050 and 119646.
414
Calculate the highest common divisor of 30 and 36282.
6
Calculate the highest common factor of 48 and 966664.
8
Calculate the highest common factor of 231525 and 735.
735
What is the greatest common factor of 49 and 231?
7
What is the highest common divisor of 24 and 3881208?
24
What is the highest common factor of 5920 and 1520?
80
Calculate the highest common factor of 510 and 77010.
510
Calculate the highest common factor of 3 and 12163.
1
What is the greatest common divisor of 1468149 and 22059?
2451
Calculate the highest common factor of 296792 and 69.
23
Calculate the greatest common divisor of 3002 and 175380.
158
Calculate the highest common factor of 6008710 and 10.
10
What is the highest common factor of 2322 and 5399811?
1161
What is the greatest common divisor of 6461946 and 9?
9
What is the greatest common factor of 30414 and 888?
222
Calculate the highest common factor of 13497 and 9878.
11
Calculate the highest common divisor of 3252 and 1236.
12
What is the greatest common divisor of 234 and 92274?
78
What is the highest common divisor of 494594 and 134?
134
Calculate the greatest common divisor of 41041 and 1804.
451
Calculate the highest common divisor of 18643 and 14118.
181
Calculate the highest common factor of 57512 and 4368.
728
Calculate the highest common factor of 119631 and 9.
3
Calculate the greatest common factor of 104229 and 626.
313
What is the highest common factor of 297 and 558?
9
Calculate the highest common divisor of 145187 and 98.
49
Calculate the greatest common factor of 14337 and 195408.
531
Calculate the greatest common factor of 604 and 2260.
4
Calculate the highest common divisor of 10368 and 624.
48
Calculate the greatest common divisor of 2460 and 16575.
15
What is the greatest common factor of 32820 and 12?
12